{"id":27,"date":"2023-10-01T07:56:26","date_gmt":"2023-10-01T10:56:26","guid":{"rendered":"https:\/\/localizaauto.com.br\/?page_id=27"},"modified":"2023-10-13T09:43:31","modified_gmt":"2023-10-13T12:43:31","slug":"central","status":"publish","type":"page","link":"https:\/\/localizaauto.com.br\/?page_id=27","title":{"rendered":"Central"},"content":{"rendered":"\n<p><strong>SUA CENTRAL<\/strong><\/p>\n\n\n\n<p>Monte sua pr\u00f3pria Central de Ratreamento<\/p>\n\n\n\n<p>Central de rastreamento<\/p>\n\n\n\n<p><strong><em>Baixo custo na implanta\u00e7\u00e3o das opera\u00e7\u00f5es e economia na manuten\u00e7\u00e3o de acordo com o crescimento da central.<\/em><\/strong><\/p>\n\n\n\n<p>Sem atendimento burocr\u00e1tico<br>Para saber onde cada ve\u00edculo de sua frota est\u00e1,basta um computador, tablet ou celular.<\/p>\n\n\n\n<p><strong>CENTRAL DE RASTREAMENTO<br><\/strong>Para voc\u00ea do ramo de log\u00edstica que gerencia frotas, temos todo suporte para implantar sua central de rastreamento onde voc\u00ea mesmo poder\u00e1 administrar seus ve\u00edculos, atuar, bloquear, rastrear seus caminh\u00f5es, carros, motos, barcos, nas \u00e1reas &#8211; locadoras de carros, cooperativas de t\u00e1xi e outras categorias de risco. Apenas usando um computador, tablet ou celular.<\/p>\n\n\n\n<p><strong>Seguran\u00e7a<br><\/strong>O uso de rastreadores de ve\u00edculos est\u00e1 muito difundido nas empresas de transporte de carga que buscam dados mais espec\u00edficos. Neste caso n\u00e3o somente a seguran\u00e7a mas tamb\u00e9m a economia s\u00e3o quesitos importantes. Com a instala\u00e7\u00e3o do rastreador, tanto informa\u00e7\u00f5es geogr\u00e1ficas quanto log\u00edsticas s\u00e3o apuradas. Isso significa que poder\u00e3o ser verificadas as horas trabalhadas pelo motorista, a velocidade, al\u00e9m do percurso realizado, locais de estacionamento, o hor\u00e1rio de entrega da carga etc.<\/p>\n\n\n\n<p><strong>Carga roubada<br><\/strong>\u00c9 umas das maiores queixas no ramo de entrega de mercadoria, por isso, a maioria das empresas utiliza o uso do rastreador como principal ferramenta para garantir a seguran\u00e7a da entrega da carga e a vida do motorista. O acesso ao sistema \u00e9 ilimitado, e o acompanhamento \u00e9 feito dia e noite, o motorista tem a op\u00e7\u00e3o de acionar o bot\u00e3o SOS em caso de prov\u00e1vel situa\u00e7\u00e3o de roubo ou perigo, onde voc\u00ea administrador receber\u00e1 mensagens no sistema de pedido de socorro e tamb\u00e9m via sms nos celulares cadastrados como administradores. A visualiza\u00e7\u00e3o \u00e9 em tempo real e voc\u00ea poder\u00e1 fazer a escuta dentro da cabine do ve\u00edculo, apenas com uma liga\u00e7\u00e3o do seu celular.<\/p>\n\n\n\n<p><strong>Redu\u00e7\u00e3o de custos<br><\/strong>Reduza custos da sua empresa e aumente sua produtividade. Com os relat\u00f3rios gerados pelo sistema onde voc\u00ea poder\u00e1 acompanhar o consumo de combust\u00edvel, deslocamentos e paradas dos ve\u00edculos, viola\u00e7\u00f5es de rotas, manuten\u00e7\u00f5es preventivas e a forma de condu\u00e7\u00e3o do ve\u00edculo.<\/p>\n\n\n\n<p><strong>Controle de Frota<br><\/strong>Acompanhe em tempo real onde e como est\u00e1 cada ve\u00edulo de sua frota. \u00c9 poss\u00edvel monitorar o dia-a-dia e o hist\u00f3rico do ve\u00edculo e do motorista. Crie alertas de acordo com a sua necessidade ou dos seus clientes. Receba notifica\u00e7\u00f5es e relat\u00f3rios via sistema ou SMS.<\/p>\n\n\n\n<p><strong>Motorista Legal<br><\/strong>O sistema Localiza Auto est\u00e1 pronto para suprir as necessidades da sua empresa. onde, ser\u00e1 poss\u00edvel acompanhar a jornada de trabalho e ainda determinar hor\u00e1rios de pausas e descanso dos motoristas, tudo de acordo com as determina\u00e7\u00f5es da nova lei.<\/p>\n\n\n\n<p><strong>Logistica e controle<br><\/strong>Crie e acompanhe rotas de entregas. O nosso sistema permite a cria\u00e7\u00e3o de alarmes diversos, de acordo com seu modelode aparelho. Acompanhe o cumprimento de rotas e hor\u00e1rios, abertura de portas, velocidades e muito mais.<\/p>\n\n\n\n<p><strong>Funcionalidades do Sistema<br>Rastreamento on-line (tempo real)<br>Acesso ilimitado ao sistema<br>Acesso via mobile<br>Visualiza\u00e7\u00e3o por mapa<br>Rastreamento de todos os ve\u00edculos em uma tela<br>Atualiza\u00e7\u00e3ode posi\u00e7\u00f5es de 60 em 60 segundos<br>Bloqueio e desbloqueio do ve\u00edculo pelo sistema<br>Bot\u00e3o de P\u00e2nico. Envio de alerta em caso do bot\u00e3o ser acionado (mod\/303)<br>Escuta no interior do ve\u00edculo (mod\/303)<br>Hist\u00f3rico dos trajetos e paradas<br>Status de movimento e parada<br>Cerca virtual eletr\u00f4nica poligonal facilmente criada dentro do pr\u00f3prio sistema<br>Relat\u00f3rios no formato PDF<br>Alerta de excesso de velocidade<\/strong><\/p>\n","protected":false},"excerpt":{"rendered":"<p>SUA CENTRAL Monte sua pr\u00f3pria Central de Ratreamento Central de rastreamento Baixo custo na implanta\u00e7\u00e3o das opera\u00e7\u00f5es e economia na manuten\u00e7\u00e3o de acordo com o crescimento da central. Sem atendimento<\/p>\n<p><a href=\"https:\/\/localizaauto.com.br\/?page_id=27\" class=\"btn btn-skin btn-radius\">Continue Reading<span class=\"screen-reader-text\">Central<\/span><\/a><\/p>\n","protected":false},"author":1,"featured_media":0,"parent":0,"menu_order":0,"comment_status":"closed","ping_status":"closed","template":"","meta":{"footnotes":""},"class_list":["post-27","page","type-page","status-publish","hentry"],"_links":{"self":[{"href":"https:\/\/localizaauto.com.br\/index.php?rest_route=\/wp\/v2\/pages\/27","targetHints":{"allow":["GET"]}}],"collection":[{"href":"https:\/\/localizaauto.com.br\/index.php?rest_route=\/wp\/v2\/pages"}],"about":[{"href":"https:\/\/localizaauto.com.br\/index.php?rest_route=\/wp\/v2\/types\/page"}],"author":[{"embeddable":true,"href":"https:\/\/localizaauto.com.br\/index.php?rest_route=\/wp\/v2\/users\/1"}],"replies":[{"embeddable":true,"href":"https:\/\/localizaauto.com.br\/index.php?rest_route=%2Fwp%2Fv2%2Fcomments&post=27"}],"version-history":[{"count":3,"href":"https:\/\/localizaauto.com.br\/index.php?rest_route=\/wp\/v2\/pages\/27\/revisions"}],"predecessor-version":[{"id":106,"href":"https:\/\/localizaauto.com.br\/index.php?rest_route=\/wp\/v2\/pages\/27\/revisions\/106"}],"wp:attachment":[{"href":"https:\/\/localizaauto.com.br\/index.php?rest_route=%2Fwp%2Fv2%2Fmedia&parent=27"}],"curies":[{"name":"wp","href":"https:\/\/api.w.org\/{rel}","templated":true}]}}